ulate s(u).
-8
Suppose -2*u + 2*q = -q + 2, 3*u + 2*q = 10. Suppose -5*x - 2*y - 3 = -y, u*x + y = 0. Let r(g) = g**2 + g - 1. Determine r(x).
-1
Let l be (-2)/3 - (-240)/36. Let x(s) = s**2 - 7*s + 1. Determine x(l).
-5
Let b(u) be the third derivative of -2*u**2 + 0*u + 1/6*u**4 - 1/15*u**5 - 1/120*u**6 - 1/3*u**3 + 0. What is b(-5)?
3
Let i(o) = 3 - 13 - 3*o + 3 + 11. Give i(5).
-11
Let a be 2 - 0/(2/(-1)). Let t(v) = -v + v**2 + 3*v**2 + 2*v + 3*v**a. Suppose -5*p = 6*o - 3*o - 4, -4*p = 5*o - 11. Determine t(p).
6
Let n = -22 - -16. Let o be 0 + -1 + n/(-2). Let r(b) = b**2 - o + 0*b**2 - 2*b**2 - 2*b. Calculate r(-3).
-5
Let k = -10 - -4. Let x(u) = u**2 + 4*u - 3. Calculate x(k).
9
Let i be -1*(-2)/3*3. Let a be 5/((1 - i)*-1). Suppose 3*u + 3*v - 4*v - 5 = 0, -5*u = -v - a. Let q(t) = -t**2 - t - 3. Determine q(u).
-3
Let d be 0 - (25/(-30))/((-2)/(-6)). Let m(u) be the second derivative of d*u**2 + 0 + 1/12*u**4 + u + 7/6*u**3. Give m(-5).
-5
Suppose 17*f - 30 = 12*f. Let z = 0 + 2. Let r(y) = 4 - f*y + y**z + y**2 - y**2. Give r(6).
4
Let j(q) = 2*q - 2. Let v = 5 + 0. Suppose -15 = -v*g - 5. Determine j(g).
2
Let q = 4 - 2. Let j(r) = 0*r**q + r**2 + r - 5*r**2. Let v(b) = b**3 + 2*b**2 - 3*b + 1. Let d be v(-3). Give j(d).
-3
Let w(y) = -y**3 - 5*y**2 - 5*y - 1. Suppose a = 5*z - 14, 10 = -0*a - 2*a + z. Calculate w(a).
3
Let o(a) = 25 - a - 27 + 3*a**2 + a**3 + 3*a**2. Determine o(-6).
4
Let t(h) be the third derivative of -h**4/6 - h**3/3 + 3*h**2. Suppose q - 3*q + 9 = -3*g, q = -3*g - 18. Determine t(q).
10
Let q(f) = f**3 - 5*f**2 + 6*f - 7. Let d(b) = 3*b - 28. Let j be d(11). Give q(j).
23
Let r(f) = -f - 5. Let y be 1 + 1 + -3 + (1 - 7). Calculate r(y).
2
Let o(h) = 8*h + h**2 + 0*h - 5*h + 2. Determine o(-4).
6
Let x(b) = -3*b - 1. Let h be x(-1). Let y(c) = 4*c + h - 2*c + c. Let l(w) = -6*w - 5. Let o(a) = -2*l(a) - 5*y(a). Calculate o(-2).
6
Suppose -4*z = -7*z - 3. Let a(v) be the third derivative of -v**7/1680 - v**6/720 - v**5/30 - v**2. Let j(x) be the third derivative of a(x). Determine j(z).
2
Let t(i) = 15*i. Suppose 4*m + 14 = -5*k - 2, 3*m + 5*k + 17 = 0. What is t(m)?
15
Let r(p) be the third derivative of -p**2 + 1/6*p**3 + 0*p + 11/24*p**4 + 0. Determine r(-1).
-10
Let p be -3*(20/12 - 3). Suppose 2*q = -v + 8, 0 = -p*v - 3*q - 0*q + 17. Let d(f) = f**3 - f**2 + 1. Give d(v).
5
Let v(z) = z**3 + 4*z**2 - 4*z + 6. Let c be v(-5). Let o(g) = 0 - g + c - 3*g + 3*g. What is o(6)?
-5
Let b(w) = w**2 - 4*w + 2. Suppose -v + 27 = -4*v. Let x(o) = 9 + o**2 + 9*o + o - 4 + 7. Let k be x(v). What is b(k)?
-1
Suppose 0 = -3*h - 38 - 40. Let z be 6/39 - 22/h. Let v(g) = 2*g**3 - g**2 + g - 1. Determine v(z).
1
Let q be (-18)/6*(-8)/2. Suppose -3*i = i - q. Let g(t) = t**2 + i*t + 0*t - 1 + 7*t - 5*t. Determine g(-4).
-5
Let p(f) be the first derivative of f**2/2 - 8*f + 6. Determine p(0).
-8
Let y(z) = z**3 + 8*z**2 - z - 8. Let d be ((-12)/(-8))/(6/(-32)). Let q be y(d). Let f(t) be the second derivative of t**4/12 - 7*t**2/2 + t. What is f(q)?
-7
Let s(y) = -1 - 10*y - y + 9*y. Give s(-3).
5
Let a(s) = -s**3 + 7*s**2 - 5*s + 2. Let z(u) = -u**3 - 6*u**2 - 5*u + 6. Let b be z(-5). Calculate a(b).
8
Let s(q) be the second derivative of 0 + 1/6*q**3 - 1/2*q**2 + 5*q. Determine s(5).
4
Let b(l) = -l**2 + l - 1. Let k(h) = h - 1. Let w(x) = -2*b(x) + k(x). Give w(2).
7
Let a(r) = -r - 6. Let y be 546/(-143) - 4/22. Give a(y).
-2
Let l(m) = 2 + 1 + 3*m - 5. Let a(b) = 7*b - 11. Let i(t) = 2*t - 3. Let n(q) = 6*a(q) - 22*i(q). Let r be n(-1). Give l(r).
4
Let u(a) = 6*a - 1. Suppose -3*p = -y - 11 + 1, -3 = -3*y - 2*p. What is u(y)?
-7
Let c(f) = -3*f**2 + 4*f + 5. Let h(j) = 6*j**2 - 7*j - 9. Let i(m) = -11*c(m) - 6*h(m). Give i(-1).
-2
Suppose 3*w - 5 = -b + 6*b, -29 = 5*w + b. Let t(v) = -v + 1. What is t(w)?
6
Let o(r) = -r**2 - 6*r - 6. Suppose 1 = b + 6. Let n(t) = -t**2 - 4*t - 2. Let m be n(b). Let d = 2 + m. Give o(d).
-1
Let k(t) = -3*t - 4. Suppose 3*r + 14 = -b, 9 = -4*r - 3. What is k(b)?
11
Let p(u) = -u**3 - 10*u**2 - 8*u + 5. Let t be p(-9). Let j(g) = -3*g - 5 - g**3 - g**3 + g**3 - 4*g**2. Give j(t).
7
Let l be 6/5*10/4. Suppose -2*d + 3*d + l = 0. Let x be d*(2/6 - 1). Let c(b) = 3*b. Calculate c(x).
6
Let j be 7 - (-1 + 0 + 3). Suppose 2*r + 2*t - 3 = j, -5*r - 4*t + 18 = 0. Let o(y) = 8 - y - y - r. Give o(5).
-4
Let y(n) = n. Let m(b) be the first derivative of -5*b**2/2 - 6*b + 1. Let d(x) = m(x) + 6*y(x). Let r(q) = -q + 5. Let k(l) = -5*d(l) - 6*r(l). What is k(5)?
5
Let b(d) = d + 7. Let z be b(-5). Let p(c) = c + 2*c + 6 - z*c. Suppose -8*j = -3*j + 5*t - 15, 2*t - 6 = -4*j. What is p(j)?
6
Let z(w) be the first derivative of -w**5/30 + w**4/24 + w**3 - 5. Let l(y) be the third derivative of z(y). Determine l(-1).
5
Let g(o) = -o + 10. Let u be g(8). Let d(p) = u*p - 3*p + 1 - p. Let f be d(-2). Let r(m) = -m**2 + 3*m + 6. What is r(f)?
-4
Let r(a) be the first derivative of a**5/20 + 5*a**4/12 + 2*a**3/3 + a**2 + 2*a - 3. Let t(n) be the first derivative of r(n). What is t(-4)?
2
Let x(m) = m + 1. Let i(c) = 3*c - 4. Let s(w) = i(w) - 2*x(w). Let o(l) = -l**2 - 8*l - 8. Let b be o(-6). What is s(b)?
-2
Suppose -n = 3*g - 23, 5 = -4*n + 13. Suppose 2*s - 8 = -2*f, -3*f + 4*f - 2*s - 7 = 0. Let l = g - f. Let z(t) = -t**3 + 3*t**2 - t - 2. Calculate z(l).
0
Suppose 0 = -3*u + 4*r - 4, -2*u - 2*r + 2 = 3*u. Let o(l) be the second derivative of 1/12*l**4 + u + l**3 + l + l**2. Determine o(-5).
-3
Let o = 24 + -27. Let a(m) = m**3 + 4*m**2 + 5*m + 2. Calculate a(o).
-4
Suppose 5*z + 2*t - 13 = 0, -2*t + 8 = z - 7*t. Let g(c) = z - 3 + 2 + 2*c. Calculate g(-2).
-2
Let l(o) = o**3 - o**2 - o. Let v(w) = -2*w**3 + 5*w**2 + 6*w + 7. Let z(m) = l(m) + v(m). Let k be 1*24*15/6. Let s be 1/(3/k*4). Determine z(s).
7
Let c(o) = -o - 9. Let p = -3 - 3. Calculate c(p).
-3
Let o(j) = -4*j - 1. Let n be o(1). Let b(m) = m**2 - 5*m - 1. Let a(u) = -u**2 + 6*u + 1. Let x(t) = n*b(t) - 4*a(t). Let d = 0 + -2. Give x(d).
-5
Suppose 16 = 3*u - l, -3*u + 2*l + 2*l + 28 = 0. Let z(g) be the second derivative of 1/6*g**u + 0 - 1/6*g**3 + 3*g + 1/2*g**2. Calculate z(1).
2
Suppose -5*g + 16 = -2*f + 56, 2*g = -5*f + 71. Suppose h = 46 - 43. Suppose h*k = -2*k + f. Let w(z) = z**3 - 2*z**2 - 4*z + 1. What is w(k)?
-2
Let d(o) be the first derivative of 1/4*o**4 - 2 - 4/3*o**3 + 1/2*o**2 - o. Calculate d(3).
-7
Suppose -3*b + 8 = b - 4*o, -6 = 3*o. Let u(c) = -c**3 - 7*c**2 - 7*c - 4. Let j be u(-6). Let k(g) = 1 - 5*g + 4*g + j*g + g**2. Give k(b).
1
Let o(s) = s**2 + 2*s + 4. Let n be 1*(-27)/(-3) - 0. Let f(r) = r - 12. Let v be f(n). Calculate o(v).
7
Let j be 3 + (4 - 3 - 3). Let x(m) = -j + 8*m**2 - m + 6*m - 3*m - m. What is x(1)?
8
Let k(w) = -3*w. Let t(y) = 4*y + 2 - 1 + 0. Let z(x) = -5*k(x) - 4*t(x). What is z(-7)?
3
Let p be 0 + 0*(-2)/(-6). Let k(r) = 2*r - r - 1 + r**2 + p. Let m be k(-3). Let d(w) = -w**3 + 5*w**2 + 3. Determine d(m).
3
Let b(r) be the first derivative of -r**4/24 + 2*r**3/3 - r**2/2 + 9. Let q(h) be the second derivative of b(h). Calculate q(2).
2
Let a(z) = 2*z + 0*z - 12*z - 4*z - 5. Let x(t) = -5*t - 2. Suppose -4*i + 0 + 3 = y, 4*y + 83 = 3*i. Let m(b) = y*x(b) + 6*a(b). Calculate m(-4).
0
Let p(a) = 3*a - a - 4*a. Suppose 3 + 7 = 5*f. What is p(f)?
-4
Let m(s) = s**2 + 3*s - 3. Let l(t) = -t**2 + t + 1. Let b(u) = -5*u**2 + 14*u + 13. Let j(p) = b(p) - 6*l(p). Let v be j(-6). Give m(v).
7
Let f(d) = d**3 + 2*d**2 + 2*d - 2. Let g be 5/((-30)/16)*-3. Suppose -3*t = t + g. Calculate f(t).
-6
Let k(s) be the third derivative of -2*s**2 + 0 + 0*s - 1/24*s**4 + 0*s**3. What is k(-2)?
2
Let q = -2 - -2. Let k(p) = -10*p**2 + 3*p - 4. Let x(b) = -3*b**2 + b - 1. Let d(z) = -2*k(z) + 7*x(z). Calculate d(q).
1
Let b(x) = 0 + 1 + 3*x + 5*x - 9*x. Let a be (1 + -1*2)*-3. Determine b(a).
-2
Let f be 8/(-6)*(-3)/(-2). Let y(z) = z**2 - z. Calculate y(f).
6
Suppose 5*i = 6*i - 1. Let h(c) = -5*c**3 - c + 1. Give h(i).
-5
Let z(s) = -s**2 - 4*s - 2. Let t = 13 + -11. Let w = t - 7. What is z(w)?
-7
Let n(m) = -m**3 + 10*m**2 - m + 4. Let z(r) = r**2 - 14*r + 10. Let l be z(14). What is n(l)?
-6
Let q(g) be the third derivative of 1/3*g**3 - g**2 + 0 + 0*g**4 + 0*g + 1/60*g**5. Give q(0).
2
Let o(n